-2)/(-3))*(-660)/(-36). What is the units digit of 3 + (1 - -2)*-1 - h?
5
Let x(z) = 4*z + 3. Let s be x(-4). Let o = 72 + s. What is the units digit of o?
9
What is the tens digit of 2199 + ((-1)/2)/((-31)/(-62))?
9
Let m = 20 - 15. Suppose 0 = -k + 2*x + 84, -232 = -3*k - m*x + x. What is the tens digit of k?
8
What is the hundreds digit of 272/(4 - -4 - 6)?
1
Suppose 5*v - 2*v = 0. Let h(l) = 2*l + 126. What is the hundreds digit of h(v)?
1
Let p(c) be the third derivative of -c**6/120 + 3*c**5/20 - c**4/3 + 3*c**3/2 - 3*c**2. Let j be 7 + 4 + 0 + -3. What is the units digit of p(j)?
9
Suppose 293 = -7*b + 34. Let f = 207 + b. What is the units digit of f?
0
Let k be (1 + (-102)/18)*6/(-4). Let l(o) = o + 2*o + 7 - 27. What is the units digit of l(k)?
1
Suppose -3*f = 3*h + 18 - 261, -4*h - 5*f + 322 = 0. What is the units digit of h?
3
Let s be (9/2)/((-2)/(-4)). Let o(t) = -2*t**2 + 13*t - 18. Let a be o(8). What is the tens digit of ((-72)/14)/(s/a)?
2
Suppose -20*s = -9*s - 9559. What is the hundreds digit of s?
8
Suppose -3*q - 116 + 80 = 0. Suppose 1 = -2*u - 27. Let o = q - u. What is the units digit of o?
2
Let t = 3 - 0. Suppose -3*w - z - 1 = 3*z, 0 = -3*w - 3*z - t. What is the units digit of (-792)/(-27) - 2/w?
0
Let v(g) = 5*g**2 + 3*g - 2. Let p be v(-3). Suppose i + p = -0. Let r = i + 63. What is the tens digit of r?
2
Suppose -3*u = -u - 12. Let h = 9 - u. Suppose 0 = h*m - 5*d - 104, -6*m + 3*m = -4*d - 106. What is the units digit of m?
8
Let r(h) = -28 - 38 - 15*h - 4*h + 81. What is the units digit of r(-9)?
6
Let a(v) = -2*v**2 - v**2 - 13*v + 3 + 8*v**2 - 8. What is the units digit of a(6)?
7
Let i be (-12)/42 - 1696/(-7). Suppose -i = -3*b + 541. What is the units digit of b?
1
Suppose -f - 4*f + 5*n + 5365 = 0, -3*f + 3207 = n. What is the hundreds digit of f?
0
Let b(d) = -2*d**2 - 2*d + 4. Let u be b(-4). Let i = u - -142. What is the tens digit of i?
2
Let m(c) be the second derivative of -c**5/30 + c**4/8 + 2*c**3/3 + 5*c. Let f(j) be the second derivative of m(j). What is the tens digit of f(-3)?
1
Suppose 0 = 6*y - 241 - 773. What is the units digit of y?
9
Let t(u) = -u**3 - 7*u**2 - 2*u + 2. Let h be t(-4). Let y = -3 - h. What is the units digit of y?
5
Let d(p) = 2*p - 2. Suppose -7*b + 7 = -6*b. Suppose -b*x = -59 - 18. What is the tens digit of d(x)?
2
Suppose 5*o = y - 994, -778 = -3*y - 2*o + 2170. What is the units digit of y?
4
Let o(x) = x + 1. Let n be o(12). Let j be -3 + n + 4/(-1). Suppose -2*a = -b + 8, 4*b + j = 4*a + 42. What is the units digit of b?
0
Let r(n) = -n**3 + n**2 + 6*n - 23. What is the units digit of r(-6)?
3
Suppose p - 2*x = 238, -2*x + 668 = 2*p + 222. What is the units digit of p?
8
Let w(o) = -3*o - 27. Let n(y) = 5 + 4 - 4 - 4. Let q(l) = 12*n(l) + w(l). What is the units digit of q(-10)?
5
Suppose -41643 = -197*n + 190*n. What is the tens digit of n?
4
Let v be -2 - 2/(-1) - 0. Let z(i) be the first derivative of -i**3/3 - i**2 + 5*i + 10. What is the units digit of z(v)?
5
Suppose 68*r + 3186 = 77*r. What is the tens digit of r?
5
Let s(z) = -z**2 + 31*z - 19. Suppose 4*k + 0*k - 123 = -5*n, 0 = k - 2. What is the units digit of s(n)?
5
Suppose -2*c - 1 = -3, 5*n + 1370 = 5*c. Let u = -184 - n. What is the tens digit of u?
8
Let s(d) = 242*d**2 - 75*d - 323. What is the units digit of s(-4)?
9
Suppose -13*y = -2*y - 10846. What is the tens digit of y?
8
Let p = 115 + -118. What is the tens digit of 1360/30 - (-1)/p?
4
Let n = -15 + 21. Suppose -5*z = 46 - n. What is the tens digit of z/32 + (-370)/(-8)?
4
Let n(v) = v**2 - 8*v + 1. Let s be n(9). Let r = s - 11. What is the units digit of r/(-2 + (-10)/(-6))?
3
Let g = 134 - 86. Let q = g + -37. What is the units digit of q?
1
Suppose 1560 = -16*g + 21*g. What is the units digit of g?
2
What is the hundreds digit of (2/6)/1 + (-271488)/(-72)?
7
Let q(x) = 16*x - 9. Let w(l) = 40*l - 22. Let t(m) = 12*q(m) - 5*w(m). Let o = 0 + -2. What is the units digit of t(o)?
8
Let f(b) = 2*b + 145. What is the units digit of f(22)?
9
Suppose -m = 4*a - 5, -5*a + 15 = m + 2*m. Let r = m - -11. What is the units digit of r?
6
Suppose 0*n = 2*n - 12. Suppose -n*i + 146 = -16. What is the units digit of i?
7
Let x(h) be the third derivative of -5*h**4/12 - 3*h**3/2 - 49*h**2. Let d be -6 - (0 + (-2 - -2)). What is the tens digit of x(d)?
5
Suppose 143371 = 43*z - 15643. What is the tens digit of z?
9
Let p(c) = -c**2 - 23*c + 14. Let q be p(-23). Suppose -4788 = -q*a - 5*a. What is the hundreds digit of a?
2
Let r be (-4)/10 - (-9082)/(-95). What is the tens digit of (-5)/(-10)*(0 - r)?
4
Suppose 0*v + 2*v = 66. Suppose -2*g + v = -39. What is the units digit of (4 - 1/1) + g?
9
Let j(r) be the first derivative of -r**3/3 + 3*r**2/2 - 11*r - 8. Let w be j(6). Let d = w + 55. What is the units digit of d?
6
Let k be -184*4*3/24. Let a = 55 + k. Let u = 72 + a. What is the units digit of u?
5
Suppose 33*q - 994 = 31*q. What is the hundreds digit of q?
4
What is the thousands digit of 3/(-9) - (-39396)/36?
1
Suppose 63*q + 1480 = 65*q. What is the tens digit of q?
4
Let u(f) = -16*f**3 - 1. Let h be u(-1). Suppose 10*a - 470 = h*a. Let d = a + 139. What is the units digit of d?
5
Let a(m) = -3*m - 8. Let x be a(-4). Suppose 0 = 5*l - x*l - 3. What is the units digit of l?
3
Let o = 89 - 61. What is the units digit of 8/(-28) - (-1548)/o?
5
Let k be (-175)/(-50)*(-4)/(-7). What is the tens digit of 567/7 + k/2?
8
Suppose 5*m = x - 987, 3*x = 5*m + 3141 - 220. What is the tens digit of x?
6
Let p = -6 + 13. Suppose p*k = 12*k - 780. Suppose -2*x = 3*n + 2*n - k, 0 = -4*n - 4*x + 120. What is the tens digit of n?
3
Let u(v) = 128*v**2 - 2*v - 1. Let x be u(-1). Suppose 2*y = 0, 2*y + 379 = 5*z + x. What is the tens digit of z?
5
Suppose 0 = -22*g + 12*g + 26900. What is the hundreds digit of g?
6
Let o = -20 - -24. Suppose 0 = 3*z - 0*r + 5*r - 1, 0 = -2*r + o. What is the units digit of -1*(4 + z) + 38?
7
Suppose 264 = 2*a - 4*x, 3*x - x - 518 = -4*a. Suppose a = 2*k - 0*k. What is the units digit of k?
5
Let o(a) = a**3 - 10*a**2 + a - 9. Let s be o(10). Let b(d) = s + 5*d - 2 - 2*d - d + 45*d**2. What is the units digit of b(1)?
6
Suppose 6*m - 10*m = -4776. What is the tens digit of m?
9
Let a = 1175 + -848. What is the tens digit of a?
2
Let m(t) = t**3 - 6*t**2 + 10*t + 6. Let k(c) = -c**3 - 7*c**2 - c + 6. Let g be k(-7). Suppose g*q = 17*q - 24. What is the units digit of m(q)?
6
Suppose 3*j = -2*a + 6, j + j + 2*a - 6 = 0. Suppose j = -p + 35 - 0. What is the units digit of p?
5
Let f be (-1)/(-1)*(0 + 0). Let m(y) = -3*y + 11. What is the tens digit of m(f)?
1
Let f = -478 - -1031. What is the units digit of f?
3
Let z(m) = m**3 - 8*m**2 + 6*m + 7. Let w be z(7). Suppose -5*p + w*p = -355. What is the units digit of p?
1
Suppose 0 = -2*k - 5*z + 78, 2*k + 0*z - 76 = -4*z. What is the tens digit of k?
3
Let l be 0/(-6 + 25/5). Suppose 15*b - 12*b - 204 = l. What is the units digit of b?
8
Let k = -26 - -26. Suppose k*r + 5*r + 102 = 2*p, 2*p - 4*r = 102. What is the units digit of p?
1
Let r be (2 + -2)/(12/(-6)). Suppose 2*b - 54 = -r*b + 4*g, 3*g - 163 = -4*b. What is the tens digit of b?
3
Let g be 494/5 + 6/30. Let m = g + -67. What is the units digit of m?
2
Let u = 2394 + 77. What is the thousands digit of u?
2
Let m(i) = 19*i - 4. Let t be m(4). Suppose l + 7*l = t. What is the units digit of l?
9
Suppose -617 = 14*x + 643. Let m = 214 + x. What is the units digit of m?
4
Suppose -14*b = -16*b + 680. What is the tens digit of b?
4
Suppose 4*p - 1131 = -27. Suppose p - 108 = 2*f. What is the tens digit of f?
8
Suppose -2*g + 0 = -2*p - 6, -6 = -2*g - 5*p. Suppose g*r - 68 = -14. What is the units digit of r?
8
Suppose 14 = -s - s. Let v be s/((-14)/4) - 16. Let o = 16 + v. What is the units digit of o?
2
Suppose 46*l - 49*l - 10945 = -5*m, -3*m + 3*l = -6567. What is the units digit of m?
9
Suppose -3*i + 4*z = z, 2*z = -3*i - 25. Let f(d) = 3*d**2 + 6*d + 3. What is the units digit of f(i)?
8
Suppose 53310 = 53*p - 203740. What is the tens digit of p?
5
Suppose -z + 3*z = 0. Let o = 4 - z. Let x(h) = -h**2 + 10*h - 3. What is the tens digit of x(o)?
2
What is the tens digit of (-46)/(-69) - (-1 - 795/9)?
9
Let j be (-261)